*h - 9720 = 131*h + 72*h. Let k(m) = 2*m**2 + 92*m + 96. Calculate k(h).
6
Let o(x) be the first derivative of -9*x - 3/2*x**2 - 178. Give o(-6).
9
Let y(s) = 3*s**3 - 2*s**2 - s - 2. Let a(i) = -122*i + 29. Let h be a(-5). Let p = -641 + h. Give y(p).
-32
Let h(a) = 11*a + 1. Let k(j) = -43*j - 75. Let z be k(-2). Let s(y) = -30*y - 2. Let r(b) = z*h(b) + 4*s(b). Determine r(-11).
-8
Let l(p) = -p**3 + 4*p**2 - 3*p + 11. Let h(i) = -185*i + 2595. Let w be h(14). Give l(w).
-29
Let v be 1/((-2)/4*(-34)/(-153)). Let o(f) = 13*f + 116. Give o(v).
-1
Let x(a) = -156*a**2 - 4*a - 16282 + 0*a + 16280. Determine x(-1).
-154
Let f(k) = -3. Let d(t) = t. Let m(l) = -5*d(l) + f(l). Suppose 0*x = 2*c + 5*x + 2, 5 = -5*c - 4*x. Let y(h) = h + 1. Let g(a) = c*m(a) - 4*y(a). What is g(7)?
6
Let s(z) = -47*z + 290. Let m be (2*2/16)/(15 - (-14001)/(-936)). Calculate s(m).
8
Let y be 32/10*(-4785)/(-1276). Let s(b) = -2*b**2 + 33*b - 41. Let v(o) = -3*o**2 + 50*o - 62. Let x(f) = 8*s(f) - 5*v(f). Calculate x(y).
6
Let m be (-3 - -3)*(-9 - -8) + (0 - 7). Let u(h) = h**2 - 14*h - 142. Determine u(m).
5
Let s be 8 + 6/9*-9. Let r(y) = -7*y**3 + 6*y**2 + 6*y + 1. Let z(o) = -3*o**3 + o**2 - 1. Let w(q) = s*z(q) - r(q). Let d be -1*1*1 - -6. Determine w(d).
-8
Let z(t) be the third derivative of t**5/30 - 5*t**4/6 + 43*t**3/6 + 5*t**2 - 307. Calculate z(6).
-5
Let j = 2 - -2. Let f(l) = l - 5. Let k(h) = -1. Let z(a) = -3. Let i(q) = 4*k(q) - z(q). Let p(n) = -f(n) + 3*i(n). Determine p(j).
-2
Let u(v) = v**3 - 8*v**2 + 10*v - 3. Let p be u(4). Let s(j) = -j - 15. Give s(p).
12
Suppose 15 = -3*y - t, 2*y - 3 + 13 = -t. Let a(f) = -3*f. Let c(i) = -i. Let h(n) = -3*a(n) + 8*c(n). Calculate h(y).
-5
Let b(f) = -f**2 + 11*f + 23. Let v = 1341 + -1327. Determine b(v).
-19
Let l(y) = -y**3 - 4*y**2 - y - 2. Let u be (3*7/14)/(6/28). Suppose -r + 3*w = 16, 4*r = u*r + 3*w. Give l(r).
2
Suppose 2 - 12 = -2*h. Let m(j) be the third derivative of 1/15*j**5 + 0*j + 26*j**2 + 7/24*j**4 + 1 - 5/6*j**3 - 1/120*j**6. Give m(h).
5
Let b(r) = -20*r**2 - 382*r - 12. Let v be b(-19). Let a(j) = -j + 15. Calculate a(v).
-11
Let l(r) = r**2 - 23*r - 2. Let h(c) = c**2 - 21*c - 3. Let m(d) = 5*h(d) - 4*l(d). Calculate m(13).
-7
Let x(n) = -n**3 - 5*n**2 + 6*n + 7. Suppose z - 1 = 0, 0 = 5*a + 3*z - 27 - 1. Suppose 0 = -a*h - 4*p - 50, -5*p + 13 = 2*h - 10*p. Give x(h).
7
Let o be ((-33)/(-12) - 3)/((-478)/(-40) + -12). Let f(s) = 6 + 1 - 2 + 2*s. Determine f(o).
15
Suppose 4 = v - 5*r, 5*v - 4*r + 12 = 8*v. Suppose 468 = -8*m - v*m. Let t be 3 - m*5/(-15). Let z(p) = p**2 + 11*p + 5. Calculate z(t).
-5
Suppose -122*f - 1127 = -273. Let h(q) = -q**2 - 8*q - 8. Calculate h(f).
-1
Let h(y) = y**3 - 27*y**2 - 31*y + 1482. Let i be h(26). Let l(t) = t**3 + t**2 + 3*t - 32. Give l(i).
-32
Let y(w) be the second derivative of 1/20*w**5 - 5/2*w**2 + 0 + 3/4*w**4 + 0*w**3 + 15*w. Calculate y(-9).
-5
Let s(p) be the third derivative of -p**5/60 - 7*p**4/24 + 13*p**3/6 + 1237*p**2. Determine s(2).
-5
Let c(l) = -30 + 27*l - 10*l - 10*l - 11 - 6*l. Calculate c(-12).
-53
Suppose 0 = 2*h + 2, 4*a - 3*h + 63 = -14. Let q be a - -15 - (2 - 7). Let k(y) = y**2 + 2844 - 2826 + q*y**2. What is k(0)?
18
Let a(n) = 214*n - 139*n - 73*n + 5 + 6. Let c = 9 + -15. Determine a(c).
-1
Let y(m) = 0*m + 85 - 76 - m. Suppose 19 = 5*w - 1. Suppose -2*d - 2 = -h, d + 2*d + 23 = w*h. Calculate y(h).
1
Suppose -9*s + 9 = -12*s. Let x = 9 - s. Let g(y) = 14 + 6*y - 7 + y**3 + 6*y**2 - x. Calculate g(-5).
-10
Let q(p) be the second derivative of -p**7/840 + p**6/120 + p**5/24 + p**4/24 + 133*p**3/6 + 3*p + 1. Let j(g) be the second derivative of q(g). Calculate j(4).
5
Let p = -4013 + 4006. Let h(m) be the second derivative of -m**5/20 - m**4/2 + m**3/3 + m**2/2 - 4*m. Give h(p).
36
Let o(p) = -2*p**2 + 4*p + 7124 - 14222 + 7112 + 0*p. Determine o(4).
-2
Let p(j) = j**3 + 15*j**2 + 41*j - 7. Let d be p(-10). Suppose 13*k = 18 - d. Let a(l) = -l**2 - 7*l. Calculate a(k).
10
Let h = 31739 - 31734. Let g(s) be the third derivative of -5*s**4/24 + s**3/3 + 2*s**2. Determine g(h).
-23
Suppose 0 = -4*m + 3*m + 6. Let p(x) = -8*x. Let q(l) = l**2 + 19*l + 6. Let b(a) = 3*p(a) + q(a). Determine b(m).
12
Let q(b) = b - 1. Let l = -27 - -27. Let x(f) = f**3 - f - 8. Let z be x(l). Let j = z - -8. Calculate q(j).
-1
Suppose -4*r = -t - 8, 11*r = 6*r - 3*t + 27. Let x(h) be the first derivative of -1/2*h**2 + r*h + 1. Give x(8).
-5
Suppose 0 = -3*u + 4 + 2. Let d(a) = -a**2 + 9*a - 12. Let j be d(6). Let k = j + u. Let m(p) = -p - 2. What is m(k)?
-10
Let s(j) = -j**3 - 4 + 4*j - 28*j**2 + 11*j**2 + 11*j**2 + 6*j**2. Calculate s(-3).
11
Let h(y) be the second derivative of 2*y**3/3 + 20*y**2 + 10*y - 10. Give h(-12).
-8
Let y(n) = -2*n**2 + 30*n + 34. Let f be y(16). Suppose -5*b - 5*u - 35 = 0, -16*b + 19*b - 4 = f*u. Let q(w) = 3*w**3 + 3*w**2 + 4*w + 3. Calculate q(b).
-17
Let w(y) = y. Suppose -2*d = 4*n - 94, -2*n - 3 + 5 = 0. Let j = d + -26. Suppose -11 = 4*i - j. What is w(i)?
2
Let q(x) be the second derivative of -11*x**4/6 - x**3/6 - x**2 + 3930*x. Give q(2).
-92
Let w(x) = x**2 + 9*x - 1. Let r(y) = -y**2 - 2*y + 18. Let j be r(-6). Let i be -1 + (-9 - j) + -4. Give w(i).
-9
Let b(k) be the first derivative of -18*k - 1/2*k**2 - 136. Give b(0).
-18
Let h be -8 + ((-162)/(-9) - 0). Let c(a) = 9*a - 56. Calculate c(h).
34
Let z(f) be the first derivative of f**3/3 + 11*f**2/2 - 37*f - 6429. Determine z(3).
5
Let j(w) = 39*w**3 - 36*w**2 - 63*w - 61. Let t(a) = -7*a**3 + 7*a**2 + 12*a + 12. Let i(o) = 2*j(o) + 11*t(o). What is i(-3)?
10
Let j(d) be the second derivative of 5*d**3/6 - 4*d**2 - 43*d. Let g(m) = -14*m + 22. Let l(c) = -4*g(c) - 11*j(c). Calculate l(2).
2
Let q(v) = 8*v - 25. Let y(j) = 7*j - 29. Let z(b) = 7*q(b) - 6*y(b). Let c = 2 + 2. Let g be (-1)/(c/(-16)) + -3. Give z(g).
13
Let l(o) = 8 - 1 - o**3 + 2*o - 6. Suppose 52*n + 38 = 33*n. Calculate l(n).
5
Let x(p) = 11*p**3 - 5*p**2 + 30*p - 6. Suppose -65 = -13*r + 8*r. Let l(c) = 5*c**3 - 2*c**2 + 14*c - 3. Let n(i) = r*l(i) - 6*x(i). Determine n(4).
5
Let x = -140 - -156. Suppose x = -f + 4*f - 2*m, 19 = 4*f - 5*m. Let i(u) = u**2 + 9 - 4*u + u - 6*u. Give i(f).
-9
Let x(k) = 81*k - 72*k + 6*k**2 + k**3 + 255 - 216. Calculate x(-6).
-15
Let z(b) = -4*b - 6. Let p = 1065 - 1067. What is z(p)?
2
Let a(x) be the third derivative of x**5/60 + x**4/8 + x**3/3 - 1169*x**2. Calculate a(0).
2
Let l be ((-4)/10)/(3/(-60)). Let k = 546 + -544. Let d(j) = j**k - 1 - 2 + 18*j - 39*j + 2 + 13*j. What is d(l)?
-1
Let r(j) = 4*j**2 - 8*j + 28. Suppose -1049 = -262*v - 1. Calculate r(v).
60
Let q(p) be the first derivative of -p**5/60 + p**4/24 + p**3/2 + 15*p**2 + 88. Let u(z) be the second derivative of q(z). Determine u(3).
-3
Let x(b) be the first derivative of b**4/4 + b**3/3 + b**2 + 13*b + 2. Let h be (-23)/(644/1148) - -41. What is x(h)?
13
Let b(k) = 40*k**2 - 36*k**2 + 5 + 3*k**3 - 4 - 4 - k. Determine b(-3).
-45
Let b(d) be the second derivative of -17*d**4/4 + d**3/6 - d**2/2 - 2*d - 841. What is b(-1)?
-53
Let n(i) = 4*i - 3. Let h(v) be the second derivative of 2*v**3/3 - v**2 + 85*v. Let g(x) = 2*h(x) - 3*n(x). Determine g(-5).
25
Let i be (-16 - -1)*2/(-5). Suppose -2*u = -4*y - 4*u + 135756, -5*y = 4*u - 169689. Let c(k) = -2 + y*k - 33944*k + 7. Give c(i).
-13
Let h(x) = -2*x - 8. Suppose -3*c = 4*l - 2 - 9, -2*l = -2*c + 26. Suppose j = -c + 1. Determine h(j).
8
Let l(y) = -19204*y**3 - 2 + y - 2 + 38414*y**3 - 19209*y**3. Suppose 0*o = 5*o. Calculate l(o).
-4
Let o(x) = x**2 - 9. Let u(f) = -5*f**2 + 4*f + 47. Let m(q) = -6*o(q) - u(q). Suppose 2*w - 7*w - 25 = 0. Determine m(w).
2
Let t = 47 + -19. Let o be 1 - (t/7 + -7). Let d(s) be the second derivative of -s**5/20 + s**4/3 + s**3/3 + s**2/2 + s. What is d(o)?
9
Let z(k) = k - 5. Let w(r) = -15 - 2*r**3 + 6 + 3*r**3 - 5*r**2 - 4*r. Let l be w(6). Suppose l*f - 27 = -3*b, 3*f = 3*b - 2*f - 19. Determine z(b).
3
Let g(v) = 41*v**3 - 4*v**2 + 15*v - 12. Let p be g(1). Let f(h) = 19*h - 758. Determine f(p).
2
Let r(o) = 23*o**3 - 3*o**2 - o + 1. Let k = 88 - 89. Give r(k).
-24
Let w(c) = 2*c + 3. Suppose -5*d = 2*y - 4, 0 = -5*y + 4*d - 71 + 15. What is w(y)?
-13
Let o = 1480 - 29599/20. Let 